ime factors of 105078154.
2, 43, 71, 17209
What are the prime factors of 734328772?
2, 183582193
What are the prime factors of 287962967?
23, 41, 305369
List the prime factors of 267064586.
2, 1951, 68443
What are the prime factors of 7794095254?
2, 11, 354277057
What are the prime factors of 137363581?
103, 127, 10501
List the prime factors of 380704589.
380704589
List the prime factors of 4389317.
1867, 2351
What are the prime factors of 55907388?
2, 3, 23, 71, 317
What are the prime factors of 208764258?
2, 3, 293, 118751
What are the prime factors of 102525487?
17, 367, 16433
What are the prime factors of 393178665?
3, 5, 11, 29, 127, 647
What are the prime factors of 79718392?
2, 13, 47, 347
What are the prime factors of 55867520?
2, 5, 87293
What are the prime factors of 39648256?
2, 31, 1249
What are the prime factors of 1125466266?
2, 3, 17, 11033983
What are the prime factors of 4409181009?
3, 489909001
What are the prime factors of 1101977132?
2, 275494283
List the prime factors of 128776245.
3, 5, 13, 660391
What are the prime factors of 252902777?
252902777
What are the prime factors of 284215326?
2, 3, 107, 442703
List the prime factors of 2700027765.
3, 5, 83, 722899
What are the prime factors of 6650429747?
13, 511571519
What are the prime factors of 413163433?
413163433
List the prime factors of 653065933.
13, 23, 31, 70457
List the prime factors of 29504822.
2, 107, 137873
What are the prime factors of 56256159?
3, 18752053
List the prime factors of 330417298.
2, 4817, 34297
What are the prime factors of 357928128?
2, 3, 271, 2293
List the prime factors of 293219685.
3, 5, 11, 19, 31177
List the prime factors of 30533825.
5, 7, 149, 1171
What are the prime factors of 215032104?
2, 3, 7, 142217
What are the prime factors of 287465333?
113, 163, 15607
What are the prime factors of 41054564?
2, 103, 251, 397
What are the prime factors of 1173563977?
163, 887, 8117
List the prime factors of 52885531.
19, 29, 41, 2341
List the prime factors of 76496883.
3, 613, 41597
List the prime factors of 90364359.
3, 30121453
What are the prime factors of 54977850?
2, 3, 5, 122173
List the prime factors of 3108191331.
3, 7, 59, 2508629
What are the prime factors of 667955138?
2, 317, 1053557
List the prime factors of 7164362574.
2, 3, 132673381
List the prime factors of 75398207.
75398207
List the prime factors of 216687298.
2, 108343649
What are the prime factors of 261121356?
2, 3, 173, 41927
What are the prime factors of 162453000?
2, 3, 5, 54151
What are the prime factors of 1368797337?
3, 67, 241, 9419
What are the prime factors of 80280313?
80280313
What are the prime factors of 203348084?
2, 17, 97, 30829
List the prime factors of 121469957.
7, 211, 82241
List the prime factors of 266308914.
2, 3, 29, 1530511
What are the prime factors of 112163273?
647, 173359
What are the prime factors of 41159921?
11, 47, 79613
List the prime factors of 974272336.
2, 173, 383, 919
List the prime factors of 3439349448.
2, 3, 19, 73, 277, 373
List the prime factors of 234105796.
2, 659, 88811
List the prime factors of 65082605.
5, 7, 59, 31517
What are the prime factors of 1734534754?
2, 31, 27976367
List the prime factors of 8958763877.
7, 701, 1825711
What are the prime factors of 2087016395?
5, 43, 2729, 3557
What are the prime factors of 111962836?
2, 47, 595547
What are the prime factors of 317902856?
2, 17, 59, 39619
What are the prime factors of 558918182?
2, 83, 3366977
What are the prime factors of 42416294?
2, 2593, 8179
What are the prime factors of 152365383?
3, 43, 393709
List the prime factors of 1368307488.
2, 3, 887, 16069
What are the prime factors of 163305359?
7, 23, 1014319
List the prime factors of 19494261.
3, 2166029
What are the prime factors of 152586348?
2, 3, 12715529
List the prime factors of 389889626.
2, 7, 27849259
What are the prime factors of 41411479?
41411479
What are the prime factors of 980398226?
2, 490199113
What are the prime factors of 5310752?
2, 165961
What are the prime factors of 51324441?
3, 7, 2444021
List the prime factors of 103586388.
2, 3, 23, 89, 4217
What are the prime factors of 4453032949?
2063, 2158523
List the prime factors of 88783665.
3, 5, 271, 21841
What are the prime factors of 138513378?
2, 3, 347, 66529
List the prime factors of 72439156.
2, 163, 111103
List the prime factors of 330591387.
3, 7, 29, 77549
List the prime factors of 12740569.
163, 78163
List the prime factors of 4551389322.
2, 3, 2113, 358999
What are the prime factors of 62703100?
2, 5, 607, 1033
List the prime factors of 28507926.
2, 3, 1213, 3917
List the prime factors of 1207568031.
3, 1153, 349109
What are the prime factors of 5483244972?
2, 3, 1171, 390211
What are the prime factors of 86732859?
3, 28910953
List the prime factors of 3104071500.
2, 3, 5, 2069381
List the prime factors of 44909544.
2, 3, 43, 43517
What are the prime factors of 168995064?
2, 3, 7, 29, 34687
What are the prime factors of 171720028?
2, 83, 517229
List the prime factors of 302302004.
2, 631, 119771
List the prime factors of 64253977.
157, 409261
What are the prime factors of 294932566?
2, 443, 332881
What are the prime factors of 3852177460?
2, 5, 79, 149, 16363
What are the prime factors of 2613002695?
5, 1583, 330133
List the prime factors of 2541524281.
2541524281
What are the prime factors of 707859471?
3, 11, 3881, 5527
List the prime factors of 290910043.
290910043
List the prime factors of 838553634.
2, 3, 1725419
List the prime factors of 73788564.
2, 3, 6149047
What are the prime factors of 73067372?
2, 7, 31, 84179
What are the prime factors of 5750594?
2, 211, 13627
List the prime factors of 1378056342.
2, 3, 13, 37, 477497
What are the prime factors of 1380288?
2, 3, 7, 13, 79
What are the prime factors of 768636319?
11, 107, 509, 1283
List the prime factors of 133721856.
2, 3, 127, 457
List the prime factors of 190140950.
2, 5, 223, 17053
List the prime factors of 13654983.
3, 4551661
List the prime factors of 856492413.
3, 7, 1669, 3491
List the prime factors of 16513147.
7, 19, 17737
What are the prime factors of 3455323478?
2, 3923, 440393
What are the prime factors of 245289669?
3, 383, 213481
What are the prime factors of 1945572291?
3, 13, 1847647
List the prime factors of 244751648.
2, 23, 29, 11467
What are the prime factors of 167664245?
5, 7, 163, 29389
What are the prime factors of 1389448746?
2, 3, 7, 11027371
What are the prime factors of 47665156?
2, 7, 11, 43, 59, 61
What are the prime factors of 122094599?
11, 11099509
What are the prime factors of 2615869482?
2, 3, 43, 10139029
What are the prime factors of 1811524375?
5, 389, 7451
What are the prime factors of 4469103746?
2, 2234551873
What are the prime factors of 417279718?
2, 208639859
List the prime factors of 14666354.
2, 43, 170539
What are the prime factors of 71286619?
577, 123547
List the prime factors of 231718975.
5, 37, 397, 631
List the prime factors of 46170207.
3, 79, 64937
What are the prime factors of 2395743280?
2, 5, 7, 43, 61, 233
List the prime factors of 593996677.
17, 19, 1838999
List the prime factors of 23954255.
5, 13, 47, 7841
List the prime factors of 48286537.
13, 29, 263, 487
What are the prime factors of 11514839?
7, 83, 19819
What are the prime factors of 118515018?
2, 3, 163, 121181
List the prime factors of 54651576.
2, 3, 7, 325307
What are the prime factors of 164735094?
2, 3, 47, 584167
What are the prime factors of 861500224?
2, 13, 47, 22031
List the prime factors of 99308387.
59, 167, 10079
What are the prime factors of 5623989864?
2, 3, 509, 460379
What are the prime factors of 63010823?
17, 23, 29, 5557
List the prime factors of 1426520220.
2, 3, 5, 23775337
What are the prime factors of 46253880?
2, 3, 5, 128483
List the prime factors of 894889176.
2, 3, 37287049
List the prime factors of 27127234.
2, 13563617
List the prime factors of 890479600.
2, 5, 2226199
List the prime factors of 349442897.
43, 73, 111323
What are the prime factors of 1871394542?
2, 677, 1382123
List the prime factors of 34202816.
2, 547, 977
What are the prime factors of 362730316?
2, 13, 6975583
What are the prime factors of 79029857?
79029857
List the prime factors of 582363020.
2, 5, 109, 267139
List the prime factors of 3188728661.
911,